26344 - 7077. Is q prime?
True
Let v = 2959 + 1363. Let s = 13596 - v. Is s composite?
True
Let a = 9470 - -431. Is a prime?
True
Let f = 75472 + 16825. Is f a prime number?
True
Let f be 1/(4/93960*-3). Is f/(-4) - (-4)/(24/9) prime?
False
Suppose -n - 5*q + 102025 - 19638 = 0, -4*n - 3*q = -329548. Is n a prime number?
True
Let g(j) = -2*j**2 - 25*j - 4. Let z be g(-8). Let f = -66 + z. Suppose -f*r + 152 + 594 = 0. Is r a composite number?
False
Let g(q) = q**3 - 86*q**2 + 98*q - 181. Is g(90) prime?
True
Suppose -29*b + 446976 = 84620 - 110895. Is b a prime number?
True
Let d(y) = y**3 - 4*y**2 - 23*y - 8. Let r be d(7). Is (-48)/r + 6/(-33) + 6635 a composite number?
False
Suppose -10*r = 7*r - 1989. Let b = 296 - r. Is b composite?
False
Let c(f) = -740*f - 3. Let a be ((-8)/(-4) - 4) + 1. Is c(a) composite?
True
Let v = 5501 - -4292. Suppose 3*a - v = -i - 3*i, -5*a + 12240 = 5*i. Is i composite?
True
Let n(b) = 170836*b**2 + 17*b + 8. Is n(-1) composite?
False
Let r(x) = 30950*x - 34. Let w be r(1). Suppose -16*v + w - 8532 = 0. Is v a composite number?
False
Is (210 + 88)*(-71)/(-2) composite?
True
Let m be -3963 - -2 - 3*10/(-15). Let a = m + 15556. Is a a prime number?
True
Let c = -27675 - -60506. Is c a prime number?
True
Let h = -13 + 29. Let j = -12 + h. Suppose n - j*s - 253 = 0, -3*s = 2*s - 15. Is n composite?
True
Let v be (-46)/(-6) + (-2)/3. Suppose -v*s = -4*s - 3*c + 27402, -4*c - 9114 = s. Is s/(-12) - 4/(-24) a prime number?
True
Let a = -13901 - -19930. Is a prime?
True
Is (-239)/(-478)*(-2 - -163680) prime?
True
Let d be 8 - 5 - (-4)/(4/(-8985)). Let t = 13109 + d. Is t a composite number?
False
Let r(t) = 44341*t - 456. Is r(5) a composite number?
True
Suppose 3*t = -6, -10*m + 15*m = -t - 9762. Let o = m + 3061. Is o a prime number?
True
Let h(i) = 212*i**2 - 21*i - 670. Is h(-31) prime?
True
Let m = 300 - 3091. Let t be 0 + (21/14 - (-9775)/(-2)). Let q = m - t. Is q a composite number?
True
Is (3763164/4 - (-11 + -5)/4) + 6 a prime number?
True
Let b = 299 - -720. Suppose 5*l = b + 6666. Is l composite?
True
Suppose -4*k + 18584 = -k - 2*t, -4*k + 24802 = 2*t. Let a = k - 3226. Suppose -4*x = -1152 - a. Is x a prime number?
True
Is 6/51 + 11915995/595 prime?
False
Suppose -2*l + a = -71341, 0 = 3*l + 612*a - 611*a - 107014. Is l composite?
False
Let f(r) = 13*r + 2*r + 0*r - 34 - 29. Let n be f(13). Suppose 4795 = -127*h + n*h. Is h prime?
False
Suppose -25*q + 12*q + 26 = 0. Let j be 2/(-5)*-1*5. Suppose q*r + 1137 = 2*c - c, r = j*c - 2277. Is c composite?
True
Suppose 0*r = -2*r + 4*z - 284, -264 = 2*r + z. Let h = r - -273. Suppose 1194 = 5*g + h. Is g a prime number?
True
Let u(y) be the first derivative of 61*y**3/3 + 24*y**2 - 2*y + 72. Is u(3) a composite number?
False
Let b be (-2)/(4/10) + (-24)/2. Let p(d) = -180*d + 131. Is p(b) a composite number?
False
Let x(j) = 227*j + 37. Let o(f) = -568*f - 92. Let n(p) = -5*o(p) - 12*x(p). Let u(s) = -116*s - 17. Let w(h) = 6*n(h) + 7*u(h). Is w(-10) a prime number?
False
Suppose -3*h = 2*h - 2*k + 33610, -5*h + 4*k - 33600 = 0. Let y = 11253 + h. Is y a composite number?
True
Is 52443/(-4)*24/(-18) prime?
False
Suppose 30 = 20*c - 15*c. Let b be (c/5)/((9/5570)/3). Suppose -13*d = -11*d - b. Is d composite?
True
Suppose -r + 2*u + 533 = 0, -4*u - 1599 = -3*r - u. Let h(i) = -2 + 9*i - 12*i + r*i**2 - 8*i**2. Is h(-1) a composite number?
True
Let q(w) = 211*w**2 + 109*w - 955. Is q(63) prime?
True
Suppose -4*i - 12 = 0, 5*i = x - 0*i + 22. Let o = x + 38. Is 11824/24 - o/(-3) composite?
True
Is (-13)/39*6*4458/(-4) composite?
True
Let z = -76 - -588. Let u = -303 + z. Is u a prime number?
False
Suppose 4*j = 8*j - 780. Let s = 3442 - j. Is s prime?
False
Let o(b) = b**2 + 3*b - 4. Let t be o(-5). Let j be 1/(-2)*(t - 12). Suppose -5*f = m + j*m - 933, m + 4*f = 225. Is m a prime number?
False
Suppose -8748 = -32*s + 14228. Let c = -321 + -110. Let t = c + s. Is t a composite number?
True
Suppose 0 = -61*w + 58*w + 9. Suppose 5*d + w*f = 7*d - 7147, -4*d - 4*f = -14264. Is d prime?
False
Is 5 - ((-1962422)/21 - 4/(24/2)) composite?
True
Let a(r) = -886*r**3 - 2*r**2 - 12*r - 9. Is a(-4) a prime number?
True
Let y(v) be the first derivative of -v**7/280 + v**6/45 - v**5/60 - 11*v**4/24 + 10*v**3 - 4. Let n(j) be the third derivative of y(j). Is n(-8) composite?
False
Suppose c - 41630 = 5*l, 2*c + l = 4*l + 83288. Suppose -c = -5*m - 2*m. Suppose 0*a - a + 2000 = -3*j, -3*a + m = j. Is a composite?
True
Let x(g) = 3*g**2 - 109*g - 45. Let a be x(37). Suppose 12236 = -h + a*h. Is h prime?
False
Suppose n + n = -2*n + 100124. Is n a prime number?
True
Let i = 98467 + -37928. Is i a composite number?
False
Let f(o) = -6*o**3 - 4*o**2 - o + 11. Let c be f(-5). Suppose -3*q - 15*q = -c. Is q a composite number?
False
Is 15/((-180)/(-132)) - -68196 composite?
False
Let p(a) = 6*a**3 - 31 - 14*a**3 + 3*a - 8*a**2 + 5*a**2. Is p(-7) composite?
True
Let t be 4/(28/3) - 403/(-7). Let c = -21 + t. Is c prime?
True
Let p be 4 + (14/(-70) - (-2)/10). Suppose 7*g - 41996 = -p*d + 2*g, 0 = 4*d - g - 41996. Is d prime?
True
Let t = 1861666 - 1157367. Is t composite?
False
Let r be 32/56 - (-36)/(-14). Is ((-3)/((-3)/1297))/(r/(-4)) a composite number?
True
Suppose 4*z - 226846 - 255936 = -5*w, -241430 = -2*z + 4*w. Is z a composite number?
True
Let v be (-3 - -6) + (-2)/(1*2). Let g be 4 + (3 - -1) + -6. Suppose 8 + 0 = -2*k, 0 = g*y - v*k - 1638. Is y a prime number?
False
Let o(x) = -188664*x + 6947. Is o(-3) a prime number?
True
Suppose 47*o - 28*o + 1023690 = 25*o. Is o composite?
True
Let w = -28223 - -65056. Suppose 24831 + w = 32*v. Is v prime?
False
Let n(m) = -6*m**3 + 22*m**2 + 80*m. Let v be n(6). Let q = -46 + -14. Is (q + 1)*(v - -17) prime?
False
Let k(c) = c**2 + 4*c - 28. Let p be k(-8). Suppose p*t - 3420 = -5*q - 1163, q - 458 = -3*t. Is q a prime number?
True
Is (96/(-10) - 354/(-590))/((-6)/86854) composite?
True
Let p be 4/(-10)*(-39930)/6. Suppose 2*r - p = -s + 4*s, 2*r = 2*s + 2666. Is r composite?
True
Suppose 51 = -2*p - p - 3*w, 2*w + 6 = 0. Is p/14*(0 + -1087) a prime number?
True
Let a = -39 + 55. Suppose -6*t - 8 = a. Let y(f) = -120*f + 11. Is y(t) a composite number?
False
Let h(m) = 9*m**3 - 8*m**2 - 14*m - 3. Let t be h(-7). Let s = -1051 - t. Is s prime?
True
Is ((-3 + 2)*(-67761)/18)/(6/204) composite?
True
Let h(u) = -3961*u + 7871. Is h(-18) a composite number?
True
Let a(m) be the first derivative of 509*m**2/2 - 24*m - 227. Is a(5) composite?
False
Suppose -4*z - 34 + 8 = -5*s, -4*s + 3*z = -21. Let t(w) = 147*w**2 + 5*w - 61. Is t(s) a prime number?
True
Suppose -5*y = -1174 - 2471. Let r = y + -142. Is r a prime number?
True
Let v be ((-159)/9)/(11/1782). Let l = 5681 + v. Is l a prime number?
True
Suppose 0*q - q = -2. Let s be 4420/30 - q/(-3). Suppose t + t - s = 0. Is t prime?
False
Suppose 8*q - 5 = 27. Suppose -4*h - 2*p + 18 = -2*h, 4*h - 28 = q*p. Is 16/(-64) - (-7018)/h a composite number?
False
Let z(m) = 858*m**2 + 3*m + 1. Let s be z(-3). Let b be 5816/248*-177 + 8/(-124). Let w = b + s. Is w a prime number?
False
Suppose -9*d = 7*d - 315200. Suppose -5*o - 3*z + d = 0, 0 = 5*o - 19*z + 18*z - 19720. Is o a prime number?
True
Suppose -5*p - 19 = 4*v, -2*v = 3*p - 0*v + 13. Let u(m) = 71*m - 7. Let z be u(p). Let a = 1069 + z. Is a composite?
True
Let q(c) = 5072*c - 125. Is q(9) a prime number?
True
Suppose 0 = 13*j - 10*j - 24. Let v be (-6)/(-12) + 684/j. Let t = v - -785. Is t composite?
True
Let b(i) = i**2 - 10*i + 10. Let f be b(1). Is ((-14188)/(-8))/(f + 3/(-6)) composite?
False
Suppose -2333987 = -108*f + 837318 + 152179. Is f prime?
True
Is (-219990 - (-361)/(-19))/(-1) composite?
False
Let v(x) = 3*x**2 - x - 227. Let f be v(0). Let q = 222 - f. Is q composite?
False
Let d = 4223 - -8454. Is d composite?
True
Suppose -1188028 + 4083991 = 21*u. Is u composite?
True
Let o = -1500 + 2599. Suppose -7066 - o = -5*z. Is z composite?
True
Let c(a) = 17560*a**3 + 2*a**2 - 4*a - 6. Let w be c(-1). Let h = 27237 + w. Is h a prime number?
True
Let k(p) = 345*p**2 + 10*p - 25. Let t be k(4). Suppose 0 = 3*f + 3*q - t, -f - 3*q = -658 - 1195. Is f composite?
True
Suppose b = 15*x - 17*x + 21668, 0 = -2*b - x + 43342. Let j